he units digit of v(c)?
3
Let h(w) = w - 7. Let j(m) = -m**3 + 5*m**2 + 7*m + 4. Let b be j(6). Let n be h(b). Suppose -n*x - 9 = -45. What is the units digit of x?
2
What is the units digit of (-30)/(5 + 0) - (-2832)/2?
0
Let k(v) = v**3 + 9*v**2 + 6*v - 5. Let y be k(-8). Let g = 29 - y. What is the tens digit of g?
1
Let c(v) = -2*v + 5. Let i be c(0). Suppose 0 = -y + i*y. Suppose w + y*q + 4*q = 7, w - 7 = -3*q. What is the units digit of w?
7
Let r = 1415 + -908. Suppose 5*j + 4*o - 636 = -0*o, -5*o = 4*j - r. Suppose 6*l = 4*l + j. What is the units digit of l?
4
Let g(b) = -b - 5. Suppose -7*j + 2*s = -2*j + 174, -2*j + s = 69. Let x be (-8)/(-6)*j/8. What is the units digit of g(x)?
1
Let y be 10/(-5)*9/(-6). Suppose -y*s = 3*x - 516, -2*x - 2*x - s + 700 = 0. What is the units digit of x?
6
Let x(z) = -15*z + 16. Let v be x(17). Let g = v - -347. Let f = g - 73. What is the units digit of f?
5
Let m(b) = -b**3 + 17*b**2 - 8*b - 8. Let l be m(11). Suppose -5*s + 6*v = v - l, 2*s - v = 247. What is the hundreds digit of s?
1
Suppose 3*n - 563 = -5*j, 3*n - 446 = -4*j + 5*n. What is the hundreds digit of j?
1
Let a = 0 - -1. Suppose a = -6*f + 145. What is the tens digit of f?
2
Let d(w) = 2*w - 36. Let k(j) = -j + 35. Let l(u) = 2*d(u) + 3*k(u). What is the tens digit of l(-8)?
2
Let w = 117 - 167. Let u = -29 - w. Let f = -7 + u. What is the tens digit of f?
1
Let u be ((-105)/(-70))/((1*2)/(-4)). What is the tens digit of u - 0 - -1 - 3*-22?
6
Suppose 435 = 4*s - 5*y, s - 5*y - 44 = 46. Let h = 10 + -5. Suppose 4*o = 0, 4*o - o = -h*q + s. What is the units digit of q?
3
Let g be -3 - -1 - (-1 + -2). Suppose -5*c + g + 9 = 0. Suppose 0 = c*o - 4*o + 2*d + 38, 27 = o - 3*d. What is the units digit of o?
5
Suppose -66*w + 6800 = -61*w. Suppose w = 5*q + 200. What is the tens digit of q?
3
Let u(z) = -z**2 + 6*z - 1. Let d be u(4). Suppose -d*c + 383 + 898 = 0. What is the hundreds digit of c?
1
Let s = -2867 - -5018. Suppose -k - 8*k = -s. What is the units digit of k?
9
Suppose 8*g = 9*g - 317. What is the hundreds digit of g?
3
Let s = 2956 + -1747. What is the units digit of s?
9
Suppose 0 = -7*h + 2*h + 1400. Suppose 5*v = g + h, 2*v - 56 = v + 5*g. What is the units digit of v?
6
Let s be (3 - -1)*12/8. Let g(v) = -v**3 + 12*v**2 - 14*v + 12. What is the hundreds digit of g(s)?
1
Suppose 5*n = -3*k + 15316, 36*n = 39*n + 3*k - 9186. What is the hundreds digit of n?
0
Let g(k) = 25*k + 79. Suppose 21*o - 20*o - 8 = 0. What is the tens digit of g(o)?
7
Suppose -3*a + 4*r = -36, 0*a = -a - 5*r + 31. Let m(d) = a*d**2 + d - 6*d + 10 - 11*d**2. What is the tens digit of m(3)?
4
Let x(p) = 7*p**2 + 39*p - 5. What is the tens digit of x(-18)?
6
Suppose 0 = j - 24*x + 23*x - 2735, -j + 3*x = -2745. What is the tens digit of j?
3
What is the units digit of (-3588)/(-9) - 35/21?
7
Let r(m) = -m**3 - m**2 - 15*m - 10. What is the hundreds digit of r(-7)?
3
Let o(s) be the third derivative of -1/60*s**5 + 5/6*s**3 + 0 + 1/3*s**4 + 0*s - 4*s**2. What is the units digit of o(8)?
5
Let c(q) = q + 78. Let y be c(0). Suppose y + 81 = 3*z. Let b = z + -22. What is the units digit of b?
1
Let q(p) = -p**3 - 10*p**2 + 8*p - 11. Let u be q(-11). Let b(x) = 3*x - 2. Let v be b(5). Suppose -5*m = -v - u. What is the units digit of m?
7
Let n be 0/(-1) + 2 + 1. Suppose 5*k - 14 = n*k. Let s = 53 - k. What is the units digit of s?
6
Suppose 3*k + 293 = 2*d, -14*d - 4*k = -17*d + 439. What is the tens digit of d?
4
What is the units digit of 3 - (5 - 576/2)?
6
Let g be ((-35)/(-10))/(2/4). Suppose -g*f + f + 30 = 0. Suppose 0 = f*d + 17 - 142. What is the units digit of d?
5
Let m(i) = 2*i**3 + 11*i**2 - 4*i - 11. Let a(s) = s**3 + s**2 - s. Let q(x) = -3*a(x) + m(x). What is the tens digit of q(5)?
5
Let l be (-224)/(-10) + 6/(-15). Suppose -3*w = -l - 29. Let n = -4 + w. What is the tens digit of n?
1
Suppose 0 = -4*c - 646 + 3626. What is the units digit of c?
5
Suppose 9*b - 6 = -2*x + 10*b, -3*x - b = -4. Suppose -v + 85 = -3*u, -v - 77 = -x*v - u. What is the units digit of v?
9
Suppose -3*x + 1748 = -2080. What is the units digit of x?
6
Let v(c) = -c + 15. Let g(x) = -x. Let k(q) = 3*g(q) + v(q). What is the units digit of k(-9)?
1
Suppose 25 = f + 4*f. Suppose -z = -u + 4*u + 11, -f*z - u + 15 = 0. Suppose -30 = -2*y + l - z*l, y - 3*l - 6 = 0. What is the tens digit of y?
1
Let r(p) = -p**2 - p + 3. Let w be r(0). Suppose -2*k + 15 = k, 4*k = w*f + 11. Suppose 2*m - f = m. What is the units digit of m?
3
Let w = -48 + 52. Suppose 0 = w*s - 440 + 108. What is the units digit of s?
3
Suppose -12 - 18 = -5*o. Suppose -a - 2 = o. What is the units digit of (a/12)/((-6)/9)?
1
Let x be (-13)/4 + 1*(-5)/(-20). What is the hundreds digit of (5 - 52/12) + (-523)/x?
1
What is the hundreds digit of (-111)/74 + 0 + 1879/2?
9
Suppose 7*a - 4*a - 4492 = -5*m, -2*m + 1780 = -3*a. What is the hundreds digit of m?
8
Let x = -1955 + 5330. What is the tens digit of x?
7
Suppose 12 = -8*o + 11*o, -4*j = -3*o - 2292. What is the units digit of j?
6
Suppose -1961 = -3*a + 2*j, 11*j = 5*a + 14*j - 3262. What is the units digit of a?
3
Suppose p - 9*p = -64. Let x(v) = 4*v**2 + 3 - p + 4*v - 2*v - 2. What is the units digit of x(-4)?
9
Let m be ((-16)/(-32))/((-2)/(-32)). Let l(s) = -m*s + 20 + 2*s - 16. What is the tens digit of l(-4)?
2
Let v(s) = 2*s**2 + 20*s + 52. What is the tens digit of v(-21)?
1
Let k = 365 - 134. What is the hundreds digit of k?
2
Suppose -a + 32 = 11. Let z be (33/(-6) - -6)*10. Suppose z*x + a - 149 = 2*u, 0 = -3*x - 3*u + 60. What is the units digit of x?
4
What is the hundreds digit of 5199*(2/(-6) + (-16)/(-24))?
7
Let d(w) = -w**2 - 12*w + 9. Let j = -4 + 17. Let q be (-1 - j) + 2 + 1. What is the units digit of d(q)?
0
Suppose 0 = 10*d - 63 - 457. What is the tens digit of d?
5
Let f = 871 - 425. What is the units digit of f?
6
Suppose 0 = -35*l - 46183 + 114083. What is the tens digit of l?
4
Let y(p) = -17*p - 5. What is the tens digit of y(-9)?
4
Let b(l) = l**3 - 47*l**2 + 56*l + 50. What is the units digit of b(46)?
0
Suppose -180 = -6*o + 4*o - 3*m, -4*o + m + 360 = 0. Suppose -6*b + o = -b. What is the tens digit of b?
1
Let b(d) be the second derivative of -d**4/12 - 2*d**3/3 - d**2/2 - d. Let g be b(-4). What is the units digit of g*(-33)/(-6)*-2?
1
Let j be ((-113)/4)/(10/(-40)). Suppose 4*z - j = q, -z = -3*q - 0*q - 31. Suppose 4*x - 184 = -5*g, -x + z + 45 = 2*g. What is the units digit of g?
6
Suppose 160*g + 8 = 162*g. Suppose 0 = -f + 2*f - 4, g*k - 2*f = 972. What is the units digit of k?
5
Let o(p) be the second derivative of 8*p**4 + 2*p**3/3 - 2*p**2 - 14*p. What is the units digit of o(1)?
6
Let d(k) = 2*k**3 - 94*k**2 - 80*k + 57. What is the tens digit of d(48)?
2
Suppose 0 = 5*b - f - 2601, -13*f = b - 8*f - 515. What is the units digit of b?
0
Let y(z) = -3*z**3 + 13*z**2 + 15*z - 7. Let s(t) = -10*t**3 + 39*t**2 + 45*t - 20. Let w(a) = -2*s(a) + 7*y(a). What is the units digit of w(14)?
5
Suppose 0 = -5*r + 11 - 1. Suppose 4*b - 43 = 3*b + 3*d, -r*d = 3*b - 118. What is the units digit of b?
0
Suppose 9*p - 11*p = -80. What is the units digit of 36*(-5)/(p/(-12))?
4
Let z be (20/(-6))/(4/(-6)). Let b(k) = k**3 - 2*k**2 - 5*k + 3. Let u be b(z). Suppose 4*g - 5*t - u = 0, -t = 5*g - 3*t - 62. What is the units digit of g?
2
Let t = -981 - -1425. Suppose -3*n + 229 = -z - 203, 0 = 3*n - 5*z - t. What is the units digit of n?
3
What is the hundreds digit of 1/3 + 25256/66?
3
Let r = -1484 + 2252. What is the tens digit of r?
6
Let z = -232 + 329. What is the units digit of z?
7
Suppose 340 = 47*c - 43*c. Suppose 83*g = c*g - 92. What is the units digit of g?
6
Let k be -4*3/(-12) - -2. Suppose -16 = -2*w - k*i, -3*w + 0*w = -2*i - 11. Suppose -5*q = -5, 6*d - d - w*q - 190 = 0. What is the units digit of d?
9
Let w(d) = -d**2 + 9*d. Suppose 3*k - 39 = -4*p + 13, 0 = -p + 5*k - 10. Let q be w(p). Let b = q + 46. What is the units digit of b?
6
Suppose -2*k + 5*l = -81, -3*l + 69 = -k + 4*k. Let j = -39 + k. Let d(p) = p**3 + 10*p**2 - 12*p + 12. What is the tens digit of d(j)?
2
Let l(r) = 2*r**2 + 7*r - 23. What is the thousands digit of l(-28)?
1
Suppose -189*f + 185*f = -8344. What is the tens digit of f?
8